{"id":246,"date":"2022-04-19T13:50:41","date_gmt":"2022-04-19T13:50:41","guid":{"rendered":"https:\/\/fiveoaths.com\/wordpress\/?page_id=246"},"modified":"2025-08-11T23:08:47","modified_gmt":"2025-08-11T23:08:47","slug":"draiod","status":"publish","type":"page","link":"https:\/\/fiveoaths.com\/wordpress\/explore-the-world\/the-five-realms\/draiod\/","title":{"rendered":"Dra\u00edod"},"content":{"rendered":"<div class=\"wp-block-image\">\n<figure class=\"aligncenter\"><img loading=\"lazy\" decoding=\"async\" width=\"300\" height=\"271\" src=\"https:\/\/fiveoaths.com\/wordpress\/wp-content\/uploads\/2022\/06\/draiod-300x271.png\" alt=\"\" class=\"wp-image-407\" srcset=\"https:\/\/fiveoaths.com\/wordpress\/wp-content\/uploads\/2022\/06\/draiod-300x271.png 300w, https:\/\/fiveoaths.com\/wordpress\/wp-content\/uploads\/2022\/06\/draiod.png 500w\" sizes=\"(max-width: 300px) 100vw, 300px\" \/><\/figure><\/div>\n\n\n<p><i><span style=\"font-weight: 400;\">\u201cWhen the first Vartach were born of the confluence of the five elements deep below the ground, they explored the Great Cavern, and saw that it was good. They felt the welcoming rock, and drank of the chilly waters, and ate of the mosses they found and blessed the breezes that flowed through the tunnels. Before too long however their hearts grew hard, and they were not glad, and they fought over space and the most powerful places. And one Vartach, whose name was Stonespeaker, decided to recreate the Vartach as they should have been, without the hardened hearts they had grown over the years. And they created the first Fathach, who had fewer needs and desires than the Vartach, whose skins were of stone but whose hearts were warm.\u201d<\/span><\/i><span style=\"font-weight: 400;\"> &#8211; How The Fathach Came To Be, A Tale of Dra\u00edod&nbsp;<\/span><\/p>\n\n\n\n<p><i><span style=\"font-weight: 400;\">\u201cHigh above the rest of Tirneach, Dra\u00edod is a land apart from the rest of the Realms. Although it borders three of the Five Realms, the only true access is at the western end of the Valley through the Green Marches into Baol and Bruid, where there is much dispute over what acreage belongs to which Realm. Walking around in the Valley, one can imagine what it must have been like to live in Tirneach before there were so many different folk, one could walk for half a day without meeting another living soul apart from livestock. There are a few very picturesque settlements on the surface, quite like ornamental gates on a townhouse. It is below the surface where the true population of Dra\u00edod resides, and the subterranean towns and indeed cities are singular indeed. The Way of Wisdom is not for the faint of heart, but it will show the faithful some of the most unforgettable sights of their life. A blessing from the Shaper indeed, to see the Shining Grotto and Deilf\u2019s Maw, and live to tell the tale.\u201d<\/span><\/i><span style=\"font-weight: 400;\"> &#8211; Treasna an\u2019F\u00e1nach, a Survey of the Realms<\/span><\/p>\n\n\n<h3 class=\"wp-block-heading\" id=\"where-is-draiod\"><b>Where is Dra\u00edod?<\/b><\/h3>\n\n\n<p><span style=\"font-weight: 400;\">Dra\u00edod is surrounded by the Ring Mountains, which rise up out of the central plains of Tirneach and tower above the surrounding lands. On the surface, the Valley of Dra\u00edod has a few hamlets and villages, scattered here and there on the moors and high places. It is below ground that the true heart of Dra\u00edod can be found. Immense caverns are home to bustling towns, while the largest of all holds Crag Oscionn, the Iarla\u2019s seat and the site of the Shaper\u2019s Shrine.<\/span><\/p>\n\n\n\n<p><span style=\"font-weight: 400;\">When people think of Dra\u00edod, they think of the Vartach and the Fathach. Those two species are more populous in Dra\u00edod than anywhere else, and make up the bulk of Dra\u00edod\u2019s population. Despite Dra\u00edod\u2019s inaccessibility and the many secrets that are hoarded there, the Dra\u00edodaigh always welcome those who come to the Learned Realm seeking knowledge. The Dra\u00edodaigh also know how important it is to maintain good relations with their neighbours (the occasional border skirmish aside), since they must rely on their merchants for goods which cannot be found either above or below ground in Dra\u00edod.<\/span><\/p>\n\n\n\n<p><span style=\"font-weight: 400;\">The surveyors of Uasa are frustrated by Dra\u00edod. Ridings above and below ground tend to overlay each other. What is more, a selection of Riders are chosen to join the <a href=\"https:\/\/fiveoaths.com\/wordpress\/explore-the-world\/the-five-realms\/draiod\/the-saoi-of-draiod\/\" data-type=\"page\" data-id=\"1328\">Assembly of the Saoi<\/a>, and have greater status than other Riders within Dra\u00edod. This practice harks back to the ancient times of Dra\u00edod before the birth of the Five Realms, which the surveyors find unsettling to say the least.<\/span><\/p>\n\n\n<h3 class=\"wp-block-heading\" id=\"origins-of-draiod\"><b>Origins of Dra\u00edod<\/b><\/h3>\n\n\n<p><span style=\"font-weight: 400;\">Dra\u00edod may be synonymous with the Vartach, but it was not known by that name until many centuries after the Vartach first appeared there. For a long time the caverns, grottos and tunnels were the province of one tribe of Vartach or another, who jealously guarded the power they found there.<\/span><\/p>\n\n\n\n<p><span style=\"font-weight: 400;\">The unification of Dra\u00edod was also nearly its undoing. One Vartach rose above the others in knowledge and power, and brought the tribes together. He became King of the Vartach and of Dra\u00edod, but it was not enough. He spread his rule to the surface, and out beyond the Ring Mountains, seeking further power and influence. He slew dragons, he shattered the east coast of Tirneach and left it shrouded in mist, and he sacrificed thousands to his ambition. Before he was trapped and slain, he had nearly destroyed his own people.<\/span><\/p>\n\n\n\n<p><span style=\"font-weight: 400;\">By the time the R\u00e9ig came to Tirneach, Dra\u00edod had long been established under the governance of the <a href=\"https:\/\/fiveoaths.com\/wordpress\/explore-the-world\/the-five-realms\/draiod\/the-saoi-of-draiod\/\" data-type=\"page\" data-id=\"1328\">Saoi<\/a>, who carried on the legacy of the Vartach who turned against the mad King. Legend has it that before they would acknowledge the R\u00e9ig as the ruler of Tirneach, they set a challenge: walk the darkest and most perilous tunnels of the caverns of Dra\u00edod alone, and find your way to the centre of power. The first R\u00e9ig accomplished this by trusting in the Shaper and following the leylines. The first of the Saoi to kneel in acknowledgement of the feat was named Iarla of the Realm of Dra\u00edod. Today, the R\u00e9ig\u2019s path is a route for pilgrims and is called the Way of Wisdom. Many who attempt it are found lost, terrified or injured\u2026or never found at all.\u00a0\u00a0<\/span><\/p>\n\n\n<h3 class=\"wp-block-heading\" id=\"playing-a-draiodach-character\"><b>Playing a Dra\u00edodach Character<\/b><\/h3>\n\n\n<p><span style=\"font-weight: 400;\">Bands of gall\u00f3glaigh often take pains to recruit from among the Dra\u00edodaigh. They know that graduates of the <a href=\"https:\/\/fiveoaths.com\/wordpress\/primer-the-arcane-college-of-draiod\/\" data-type=\"post\" data-id=\"618\">Arcane College at Crag Oscionn<\/a> are second to none in magical power, and that it is possible to tempt them away from their studies with stories of adventure and fame. Dra\u00edodaigh from the Valley are welcomed too, since they are often doughty warriors and adept in the wilds. Dra\u00edodaigh are generally most committed to upholding the Third Oath. Their legends speak of the harm caused by false rulers, and they know that the other Realms are jealous of Dra\u00edod\u2019s power and would take it if they could.<\/span><\/p>\n\n\n\n<p><span style=\"font-weight: 400;\">When you costume as a Dra\u00edodach, your approach will depend a lot on your character\u2019s background and skills. A scholar who has spent the last few years deep in study might favour robes and mantles as a symbol of their learning. An adventurer who explores the deep caverns will probably wear protective clothing of some kind, and armour too, as you never know what you will find in the darkness. A Valley-dweller who has left the life of a shepherd behind them for the gall\u00f3glaigh will probably still wear their woolen cloak for the cold nights on the march. Dra\u00edodaigh are proud of their Realm, and will often wear blacks, reds, and purples to show where they come from.<\/span><\/p>\n\n\n\n<p><span style=\"font-weight: 400;\">In order to gain respect among their peers, Dra\u00edodaigh characters must be ready to hold forth on their specialist subject of knowledge, and to allow anyone to stop you in the middle of a speech is deemed to be a weakness. Their Strident Voice Realm Feat allows them to ignore the Mute effect by spending 1 Vigour.<\/span><\/p>\n\n\n\n<p><span style=\"font-weight: 400;\">Dra\u00edodaigh venerate knowledge of all kinds, particular in matters of the arcane. Becoming more learned and skilled is an act of worship, a way of giving thanks to the Shaper. Some people cannot harness magic, and that is a shame, but there is never an excuse to let your mind wither on the vine. We expect Dra\u00edodaigh characters to be knowledgeable, and to value knowledge in others. We also expect that they will find it difficult to pass up an opportunity to learn more about the world around them, particularly when magic is involved.<\/span><\/p>\n\n\n<h3 class=\"wp-block-heading\" id=\"draiodach-opinions-on-the-other-realms\"><b>Dra\u00edodach opinions on the other Realms<\/b><\/h3>\n\n\n<ul>\n<li><i><span style=\"font-weight: 400;\">Baol (Highlands): <\/span><\/i><span style=\"font-weight: 400;\">No evidence has ever been found of this Amber Hall the highlanders venerate, but their customs and traditions appear to date back centuries. An interesting study, if you can survive the harsh landscape and people.<\/span><\/li>\n\n\n\n<li><i><span style=\"font-weight: 400;\">Baol (Lowlands):<\/span><\/i><span style=\"font-weight: 400;\"> An industrious people who believe themselves knowledgeable. I have visited their so-called Great Library, it is no more than a storage for almanacs.<\/span><\/li>\n\n\n\n<li><i><span style=\"font-weight: 400;\">Bruid:<\/span><\/i><span style=\"font-weight: 400;\"> They accuse us of taking their land, but why should one Realm have the entire bounty and mystery of the Great Forest while ours is limited by mountains set there when the Shaper made the world?<\/span><\/li>\n\n\n\n<li><i><span style=\"font-weight: 400;\">Siabhal: <\/span><\/i><span style=\"font-weight: 400;\">Our Realms may have been allies in ages past, but even the oldest Leasiar does not recall those days. It is unclear what they have to offer these days beyond endless changes in fashion.<\/span><\/li>\n\n\n\n<li><i><span style=\"font-weight: 400;\">Uasa:<\/span><\/i><span style=\"font-weight: 400;\"> The R\u00e9ig is wise to listen to the counsel of the Saoi on matters magical and divine, but the denizens of the Crown Realm meddle with forces they do not understand all too often.<\/span><\/li>\n<\/ul>\n\n\n<h3 class=\"wp-block-heading\" id=\"some-draiodaigh-you-might-one-day-meet\"><b>Some Dra\u00edodaigh You Might One Day Meet\u2026<\/b><\/h3>\n\n\n<p><b>Maev <\/b><span style=\"font-weight: 400;\">is a Vartach and one of the most preeminent graduates of the Arcane College in recent decades. She has walked the Way of Wisdom three times, and emerged unscathed. She is sought after by bands of gall\u00f3glaigh, but although she may help with some great task, her first love is the caverns of Dra\u00edod and what she can uncover there. Rumour has it that she hasn\u2019t been seen for several weeks, but she is probably investigating a cave system that would defy anyone else. She will return triumphant, most likely!<\/span><\/p>\n\n\n\n<p><b>Garv <\/b><span style=\"font-weight: 400;\">is a Fathach, living in the town of Rathlinn in the Valley of Dra\u00edod. They first came here with their animating Vartach, who was intent on investigating the mysteries of Loch Corcra. Some mysteries remain unsolved, and Garv\u2019s Vartach grew tired of life on the surface. Garv stayed, and now makes a living fishing in the purplish-black depths of the Loch. Some of the things that Garv had dredged up in their nets would have been of immense interest to their former companion, but they made their choice.<\/span><\/p>\n\n\n\n<p><b>Ois\u00edn <\/b><span style=\"font-weight: 400;\">is a human living in Crag Oscionn, and doing very well thank you for asking. Originally from the lowlands of Baol, Ois\u00edn saw an opportunity in Dra\u00edod, where his skills at glassblowing might be sought after by the mages and alchemists of the Arcane College. His business took off as soon as the other denizens of the Crag were sure he wasn\u2019t one of <\/span><i><span style=\"font-weight: 400;\">those<\/span><\/i><span style=\"font-weight: 400;\"> humans and his glass wouldn\u2019t explode or turn back into sand somehow. Ois\u00edn is still a human, and of course he has conducted many experiments with incorporating the various grimes and dusts of the Dra\u00edodach caverns into his glass. So far he hasn\u2019t found a way to work the inherent magic of the caverns into his main product, instead he still favours good honest Baolach sands for his wares.<\/span><\/p>\n\n\n\n<p><b>Cenn\u00e9tig Marblespine<\/b><span style=\"font-weight: 400;\"> is the Iarla of Dra\u00edod, and a Clashing Swords Vartach. A loyal servant and protector of the people of Dra\u00edod, they are known to have spent 5 years as a Gall\u00f3glaigh, reportedly earning themselves far more glory than pingin. One such noted deed included holding a narrow trail on Vercontin\u2019s Pass by themselves for over half an hour against a slew of Sluagh with nothing but their will, their spear, and a sack of rocks. This renown has served them well though, and when the old Iarla died a decade ago in a tunnel collapse they were the obvious choice to replace them.<\/span><\/p>\n\n\n<h3 class=\"wp-block-heading\" id=\"notable-settlements-and-ridings\"><b>Notable Settlements and Ridings<\/b><\/h3>\n\n\n<p class=\"has-medium-font-size\">All locations in Dra\u00edod can be found <strong><a href=\"https:\/\/fiveoaths.com\/wordpress\/explore-the-world\/the-five-realms\/draiod\/locations-of-draiod\/\" data-type=\"page\" data-id=\"1324\">HERE<\/a><\/strong>.<\/p>\n\n\n\n<p><b>Cillcloch<\/b><span style=\"font-weight: 400;\"> (Small town &#8211; Underground) &#8211; Cillcloch is the beginning of the Way of Wisdom, the pilgrim\u2019s trail dedicated to the Shaper\u2019s aspects of teacher and wielder of magic. Before unification, it is said that the first R\u00e9ig had to prove both their might in magic and knowledge of the world to the Saoi, the rulers of Dra\u00edod who hoarded all magical power to themselves (and who many insist are still the real rulers of Dra\u00edod). Only by trusting in the Shaper, and then demonstrating they could find the leylines and follow them to the nexus at Crag Oscionn could the R\u00e9ig secure the help of the Saoi in the war of unification. Nowadays devotees pray for guidance and set off into the tunnels, trusting that the Shaper will lead them to the next stop in the Way. Not all of them have enough faith to make the whole journey, and those who have lost their way re-emerge later, half-starved and terrified, speaking of terrible things they have seen in the depths&#8230;if they re-emerge at all.<\/span><\/p>\n\n\n\n<p><b>Rathlinn<\/b><span style=\"font-weight: 400;\"> (Large town &#8211; Above ground) &#8211; The centre of the Valley of Dra\u00edod is dominated by a great lake, Loch Corcra. Rathlinn sits on the eastern shore of the lake, and much of the town is built on the lake itself, with buildings resting on stilts and on earthen banks. The town\u2019s main activity is fishing, at least ostensibly. Visitors to the town notice that though many of the warehouses along the jetty are indeed for storing and processing fish, there are others with many more Fathach guards on the doors, with entry ways at water level where boats can unload their cargo unobserved. The rumour is that the floor of Lough Corcra is suffused with some magical mineral, which gives the lake its distinctive purplish-black colour, and which is prized by the Vartach underground, or that artefacts of a drowned people are on the lake floor. Either way, there is more to Rathlinn than meets the eye.<\/span><\/p>\n\n\n\n<p><b>Crag Oscionn<\/b><span style=\"font-weight: 400;\"> (City &#8211; Underground) &#8211; Home to the Shrine of the Shaper and capital of Dra\u00edod, Crag Oscionn is situated in a massive cavern below the ground, in the approximate centre of Dra\u00edod. It is also near the confluence of a number of leylines which flow unseen through the bedrock of Dra\u00edod, where magical energies are strongest. All vartach visit Crag Oscionn at some stage in their childhood to receive an induction into the magical arts, and this is also where many fathach are born, as it is considered auspicious to begin where the animating magic is strongest. The Shrine of the Shaper is a huge diamond-shaped chamber carved into the rock itself, and pilgrims traverse it by means of steps, platforms and walkways. It is said that the Shaper\u2019s presence can be felt by those who go there on special feastdays. When the R\u00e9ig makes their pilgrimage there no-one except for members of the Council of Prelates is allowed to attend.<\/span><\/p>\n\n\n\n<p><b>Slievegamal<\/b><span style=\"font-weight: 400;\"> (Riding &#8211; Above ground) &#8211; Slievegamal is a fairly typical riding on the surface of Dra\u00edod, consisting mainly of pastures for hardy livestock and fields where there is enough good soil to grow root vegetables. The riding is hard up against the southern rim of the mountains which surround the main valley of Dra\u00edod, the joke is that so much of the riding is on a hill that the goats\u2019 milk brought elsewhere will make a slope in the cup. The Rider, an earnest human called Oscar Beag, is more merchant than man-at-arms, and is constantly concerned with the flow of goods to the riding of Doirvios below his own, ensuring that his \u201cdownstairs neighbours\u201d have enough to live on. Surveyors from Uasa are typically critical of these relationships, as all Riders are supposed to be on equal footing, whereas the Saoi are clearly a rung above their non-Saoi counterparts on the social ladder.<\/span><\/p>\n\n\n\n<p><b>Doirvios<\/b><span style=\"font-weight: 400;\"> (Riding &#8211; Underground&#8230;and perhaps Above Ground) &#8211; The borders of any riding in the Five Realms are hard enough to define, but when they are underground it becomes particularly difficult. Doirvios starts at the edge of the southern rim of the Ring Mountains surrounding Dra\u00edod, and then spreads even further south, some might think through the mountains and under land claimed by Bruid. The Rider of Doirvios, Saoi Vealtin, is keen to argue (Vartach are fond of argument in general) that the presence of Vartach and Fathach in the northern marches of Bruid on the other side of the Ring Mountains does not confirm that they have \u201cburrowed in\u201d from Dra\u00edod, and the accusations of smuggling and theft of timber and illicit commonage are internal matters for the Iarlas of Bruid and not her concern. Rumours abound of yet another Riding even deeper below Doirvios that requires greater resources to maintain itself, but most Bruidigh dismiss this as a fiction invented by the Rider of Doirvios to excuse her sponsorship of squatters on rightful Bruideach territory.<\/span><\/p>\n\n\n\n<p><b>Inior <\/b><span style=\"font-weight: 400;\">(Riding &#8211; Above ground) &#8211; A rare above ground riding that focuses more on the outside world than what lies below it, Inior is on the Green Marches, the border between the realms of Dra\u00edod, Bruid and Baol. The Rider, Aoibh Donn, is a former gall\u00f3glach identified by the Iarla of Dra\u00edod as particularly dedicated and cutthroat. She presses the western border of Dra\u00edod out as far as she dares, using all manner of disruption tactics and outright attacks to secure more land for her own riding, and more good pasture and territory for her Realm. She faces resistance from her neighbours to be sure, but the rewards of her strategy are potentially massive.<\/span><\/p>\n\n\n<h2 class=\"wp-block-heading\" id=\"further-reading\">Further Reading<\/h2>\n\n\n<ul>\n<li class=\"has-medium-font-size\"><a href=\"https:\/\/fiveoaths.com\/wordpress\/explore-the-world\/the-five-realms\/draiod\/locations-of-draiod\/\" data-type=\"page\" data-id=\"1324\">Locations of Dra\u00edod<\/a><\/li>\n\n\n\n<li class=\"has-medium-font-size\"><a href=\"https:\/\/fiveoaths.com\/wordpress\/explore-the-world\/the-five-realms\/draiod\/the-saoi-of-draiod\/\" data-type=\"page\" data-id=\"1328\">The Saoi<\/a><\/li>\n\n\n\n<li class=\"has-medium-font-size\"><a href=\"https:\/\/fiveoaths.com\/wordpress\/primer-the-arcane-college-of-draiod\/\" data-type=\"post\" data-id=\"618\">The Arcane College<\/a><\/li>\n\n\n\n<li class=\"has-medium-font-size\"><a href=\"https:\/\/fiveoaths.com\/wordpress\/explore-the-world\/tirneach-society\/trade-and-commerce-in-the-five-realms\/#draoid\" data-type=\"page\" data-id=\"847\">The Economy of Dra\u00edod<\/a><\/li>\n<\/ul>\n","protected":false},"excerpt":{"rendered":"<p>\u201cWhen the first Vartach were born of the confluence of the five elements deep below the ground, they explored the Great Cavern, and saw that it was good. They felt the welcoming rock, and drank of the chilly waters, and ate of the mosses they found and blessed the breezes that flowed through the tunnels.&hellip;&nbsp;<\/p>\n","protected":false},"author":1,"featured_media":0,"parent":239,"menu_order":0,"comment_status":"closed","ping_status":"closed","template":"","meta":{"neve_meta_sidebar":"","neve_meta_container":"","neve_meta_enable_content_width":"","neve_meta_content_width":0,"neve_meta_title_alignment":"","neve_meta_author_avatar":"","neve_post_elements_order":"","neve_meta_disable_header":"","neve_meta_disable_footer":"","neve_meta_disable_title":"","footnotes":""},"_links":{"self":[{"href":"https:\/\/fiveoaths.com\/wordpress\/wp-json\/wp\/v2\/pages\/246"}],"collection":[{"href":"https:\/\/fiveoaths.com\/wordpress\/wp-json\/wp\/v2\/pages"}],"about":[{"href":"https:\/\/fiveoaths.com\/wordpress\/wp-json\/wp\/v2\/types\/page"}],"author":[{"embeddable":true,"href":"https:\/\/fiveoaths.com\/wordpress\/wp-json\/wp\/v2\/users\/1"}],"replies":[{"embeddable":true,"href":"https:\/\/fiveoaths.com\/wordpress\/wp-json\/wp\/v2\/comments?post=246"}],"version-history":[{"count":8,"href":"https:\/\/fiveoaths.com\/wordpress\/wp-json\/wp\/v2\/pages\/246\/revisions"}],"predecessor-version":[{"id":1330,"href":"https:\/\/fiveoaths.com\/wordpress\/wp-json\/wp\/v2\/pages\/246\/revisions\/1330"}],"up":[{"embeddable":true,"href":"https:\/\/fiveoaths.com\/wordpress\/wp-json\/wp\/v2\/pages\/239"}],"wp:attachment":[{"href":"https:\/\/fiveoaths.com\/wordpress\/wp-json\/wp\/v2\/media?parent=246"}],"curies":[{"name":"wp","href":"https:\/\/api.w.org\/{rel}","templated":true}]}}